75?
73
Suppose 3*o + 4*b - 56 = 0, 5*b - 39 - 41 = -5*o. What is the remainder when 53 is divided by o?
5
Suppose 5*p - 4*h = -1, 4*h - 6 = 3*p + 1. Let n(m) = 39*m + 8. Let y be n(p). Let u = y + -48. Calculate the remainder when u is divided by 41.
36
Let j = 265 + -260. Suppose t - 5*g = 75, 7*g = j*g - 10. What is the remainder when t is divided by 15?
5
Let r be ((-2)/(-4))/(1/(-290)). Let f = 219 + r. Calculate the remainder when f is divided by 11.
8
Suppose -j - 5*z + 112 + 143 = 0, -2*z + 438 = 2*j. What is the remainder when 559 is divided by j?
139
Let x(c) = -2*c + 38. Let l be x(19). What is the remainder when 497 is divided by l/(4 - -3) + 25?
22
Suppose -2*v = -3*f - 4*v + 16, 24 = 5*f + 2*v. Suppose r = -f*z + 3*r + 296, 4*z - 294 = 3*r. What is the remainder when z is divided by 30?
15
Let j(d) = 4*d**2 + 2 - 5 + d**3 + 27*d + 6*d**2 + 20. Calculate the remainder when 69 is divided by j(-5).
6
Let w(q) = -567*q**3 + q**2 + 2*q + 1. Suppose 5*c + 596 = -5*b + 776, 0 = -4*c + 3*b + 102. What is the remainder when w(-1) is divided by c?
27
Let r(w) = -3*w + 21. Let u(k) = 3*k - 9. Let y be u(5). Let b be r(y). Calculate the remainder when 145 is divided by 4 + 14 + (b - 0).
19
Let k(r) = 2*r + 22. Suppose 0 = -4*i + 13*i + 18. Let a(f) = f + 11. Let x(o) = i*k(o) + 5*a(o). Calculate the remainder when 44 is divided by x(-2).
8
Suppose 0*d - 2*v = -3*d + 17, 5*d - 5*v = 25. What is the remainder when 3084 is divided by d?
4
Let m(u) = -6*u**3 - u**2 - u. Let d be m(-1). Suppose -d*g = -321 - 1593. What is the remainder when 3/8 - g/(-88) is divided by 2?
0
Calculate the remainder when 953 is divided by 6 + (10 + (-224)/21)/(3/(-171)).
29
Let i = -109 + 75. Let s be (i/(-2))/(0/(-3) + -1). Let c(z) = z**3 + 16*z**2 - 16*z + 23. What is the remainder when 53 is divided by c(s)?
5
Let p(w) = w**3 - 10*w**2 + 6*w - 10. Let u be p(9). Let t = -36 - u. Calculate the remainder when -4 - (t - 2) - -103 is divided by 34.
32
Let k = -179 - -157. Let g = 43 + k. What is the remainder when 41 is divided by g?
20
Suppose 2*i = -i + 147. Suppose -158 = -4*v - b, 3*v - 60 = 2*b + 53. Calculate the remainder when i is divided by (v*(-11)/132)/(1/(-4)).
10
Suppose 2*g = 0, a - 1 = 2*g - 2 + 18. Calculate the remainder when 695 is divided by a.
15
Suppose 1167*b - 1148*b - 1516 + 148 = 0. What is the remainder when b is divided by 34?
4
Let k = 440 - 234. Let t = -133 + k. What is the remainder when 288 is divided by t?
69
Let i be 10368/(-168) + 32/(-14) + 2. Let y = -61 - i. What is the remainder when -2*(-3)/6*2 is divided by y?
0
Let f(l) = -l**2 + 8*l - 1. Let j be f(9). Let w = j - -10. Suppose 5*k - 3*c = 110 - 41, k + 2*c - 19 = w. Calculate the remainder when 42 is divided by k.
12
Let n = 1 + -1. Suppose n = -2*x + 48 - 50. Let i(l) = -6*l**3 - l**2 - 2*l. Calculate the remainder when 23 is divided by i(x).
2
Let v(o) = 4*o**2 + 28*o - 43. Let q(d) = 29*d**3 - 2. Calculate the remainder when q(2) is divided by v(-9).
27
Let l = 7 + 20. Let p(w) = -w**3 + 6*w**2 + 29*w - 145. Calculate the remainder when l is divided by p(7).
0
What is the remainder when ((-55)/(-55))/(((-6)/(-2))/5070) is divided by 77?
73
Let i(d) = -10*d**2 - 98*d + 1. Let s(k) = -20*k**2 - 197*k + 1. Let q(j) = -7*i(j) + 4*s(j). What is the remainder when q(-9) is divided by 18?
15
Suppose 0 = 6*f + 146 + 262. Let s = -61 - f. Suppose 11 = k - s. Calculate the remainder when 87 is divided by k.
15
Suppose -10*j + 66396 = 28*j - 16*j. Calculate the remainder when j is divided by 53.
50
Let l = -231 + 243. Suppose -2*h + l = 2*h, 0 = 5*p + 3*h - 319. What is the remainder when p is divided by 16?
14
Let a(j) = 8*j**2 - j + 45. Let z be a(0). Calculate the remainder when 117 is divided by (-9)/z + (-504)/(-20).
17
Let c be (10 + -1 + 1)*(-1)/(-5). Let w be c + -81 + 2/3*-3. Let s = -38 - w. Calculate the remainder when s is divided by 9.
7
Let y = 15274 - 14033. Calculate the remainder when y is divided by 158.
135
Let t = -7468 - -8915. Calculate the remainder when t is divided by 472.
31
Let n = 15 - 26. Let o = -36 - n. Let u = o + 29. Calculate the remainder when 14 is divided by u.
2
Suppose -1273 = -14*a - 5*a. What is the remainder when a is divided by -5*2*(11 - 12)?
7
Suppose 5*z = 5*y + 31505, 0 = 4*z + 73*y - 74*y - 25192. What is the remainder when z is divided by 28?
25
Suppose -5*b = -0*b + 5*w - 55, -b + 7 = 5*w. Calculate the remainder when (-3 - 1)/(6/(-69)) is divided by b.
10
Let v(q) = q + 10. Suppose -5*d + 5*a + 50 = 0, -10 = -2*d - 0*a - 3*a. Suppose -d*l + 72 = -0. Calculate the remainder when l is divided by v(-5).
4
Calculate the remainder when 947 is divided by (-40500)/(-648) + 2/(-4).
17
Suppose -65*p - 5*p + 5140 + 4450 = 0. Suppose -4*i - 2*d + 82 = 0, 2*d = 2*i - 47 - 9. What is the remainder when p is divided by i?
22
Suppose -7*n = -50*n - 69*n + 403984. Calculate the remainder when n is divided by 190.
187
Suppose -391*d = -4*j - 394*d + 68, 36 = 2*j + 2*d. Calculate the remainder when 189 is divided by j.
7
Suppose -4 = 12*y - 724. What is the remainder when 143 is divided by y?
23
Let c = 400 + -400. Suppose -302*x + 300*x + 80 = c. What is the remainder when x is divided by 28?
12
Let n be ((-135)/(-6))/(12/336). Suppose 6*y = n - 174. Calculate the remainder when y is divided by 12.
4
Let g = -5632 - -5833. What is the remainder when g is divided by 99?
3
Let d be (-27)/(-63) + (-876)/(-14). Suppose -m = 2*m - d. What is the remainder when 11900/145 - 14/203 is divided by m?
19
Suppose 3*b = -w, -w + 3*b + 25 = b. Let l = 1919 + -1899. Calculate the remainder when l is divided by w.
5
Suppose -241 + 240 = -y, 0 = -c + 3*y + 4. What is the remainder when 43 is divided by c?
1
Let d(a) = 4*a**2 + 23*a + 21. Suppose -2*i + 2*w = -7*i - 29, 3*w = -i - 11. What is the remainder when 209 is divided by d(i)?
5
Let t(k) = -2*k**3 - 11*k**2 + 8*k + 22. Calculate the remainder when 204 is divided by t(-6).
4
Suppose -5*t + 30 = -2*r - 60, 2*t - 20 = 4*r. Suppose -t*f = -34*f + 840. Calculate the remainder when 655 is divided by f.
55
Let n(f) = -f**3 - f**2 - 4. Let r be n(-2). Suppose r = 6*q - 107 - 25. Calculate the remainder when q is divided by 12.
10
Suppose 12*u - 14 = -2. What is the remainder when 270 is divided by 13/u - (-24 - -29)?
6
Let m = -260 + 275. Suppose 10 = -a + m. What is the remainder when 9 is divided by a?
4
Suppose 0 = 44*z + 14 - 454. Let w = 7 + 5. Calculate the remainder when (4/3)/(z/165) is divided by w.
10
Suppose -5*h + 80 + 0 = 0. Suppose -456 = -m - 4*s, 4*m - 1175 = 3*s + 668. Suppose 15*l = 5*l + m. What is the remainder when l is divided by h?
14
Suppose 2054*i - 1140 = 1997*i. Suppose 7*k = 2*k - 2*q + 213, 5*k = 5*q + 220. Let d = k - 4. What is the remainder when d is divided by i?
19
Suppose -2*m - 15 = -7*m. Let x = 802 - 731. Suppose m*g + 3*q = 2*q + x, -3*g - 3*q = -75. What is the remainder when g is divided by 9?
5
Suppose 65*c - 261 = 519. Let o be ((-27)/6)/(1/2). Let k = c + o. Calculate the remainder when k is divided by 3.
0
Let g = 143 - 74. Let d = 107 - g. What is the remainder when d is divided by (-3)/6*2 + 11?
8
Suppose -4*d + 6 + 4 = v, 5*d - v = 17. Suppose 3*j - 812 = -4*w, -j + d*j = -3*w + 610. What is the remainder when w is divided by 26?
24
Suppose 0 = 157*g - 117*g - 1520. Calculate the remainder when g is divided by 9.
2
Let i(v) = -v**3 + 22*v**2 - 17*v - 46. Suppose -6*j = 1508 - 3770. What is the remainder when j is divided by i(21)?
35
Let a = 20558 - 20521. Calculate the remainder when 45 is divided by a.
8
Suppose g + 5 = 2. Let t(y) = 2*y**2 - y - 4. Let n be t(-2). Calculate the remainder when n/(g + (-56)/(-18)) is divided by 28.
26
Suppose 0 = -8*k + 54 - 678. Let z be k/(-24) - (-1)/(-4). Let d(f) = f**3 - f**2 - 4*f - 1. Calculate the remainder when 18 is divided by d(z).
3
Suppose 3*f = j + 2*j - 57, 0 = -5*j + 3*f + 87. Suppose -7*l + 71 = j. What is the remainder when 13 is divided by l?
5
Let j(x) = 2*x**2 + 16*x + 29. Let s be j(-9). Calculate the remainder when s + (-35)/(-6 - -11) is divided by 6.
4
Let z(g) = -2*g**2 + 21*g - 25. Let q be z(9). Let n(j) = -12*j + 31. What is the remainder when n(q) is divided by 2?
1
Suppose 2*o = 41*z - 40*z - 610, z